 12.
3
What is the highest common divisor of 3 and 135?
3
What is the highest common factor of 208 and 368?
16
What is the highest common divisor of 284 and 781?
71
Calculate the greatest common divisor of 3430 and 10.
10
What is the greatest common divisor of 40349 and 257?
257
What is the greatest common factor of 4 and 4492?
4
Calculate the highest common divisor of 104 and 5174.
26
Calculate the greatest common divisor of 208 and 32.
16
What is the highest common factor of 4454 and 51?
17
What is the highest common divisor of 21 and 1218?
21
What is the greatest common divisor of 228 and 171?
57
Calculate the greatest common divisor of 115 and 184.
23
Calculate the greatest common factor of 7 and 217.
7
Calculate the greatest common factor of 210 and 2415.
105
What is the highest common divisor of 492 and 24?
12
Calculate the highest common divisor of 299 and 13.
13
Calculate the greatest common divisor of 3048 and 12.
12
What is the greatest common divisor of 75 and 1125?
75
What is the highest common factor of 2520 and 306?
18
What is the greatest common divisor of 147 and 126?
21
What is the highest common factor of 639 and 9?
9
What is the highest common divisor of 46 and 9729?
23
What is the greatest common factor of 91 and 1443?
13
What is the highest common divisor of 4429 and 301?
43
Calculate the highest common factor of 650 and 416.
26
What is the greatest common factor of 43 and 2107?
43
Calculate the highest common factor of 8895 and 90.
15
What is the highest common factor of 15 and 7815?
15
Calculate the highest common factor of 325 and 117.
13
Calculate the greatest common factor of 4047 and 71.
71
What is the greatest common factor of 7029 and 495?
99
What is the greatest common factor of 110 and 154?
22
Calculate the greatest common factor of 584 and 14892.
292
What is the greatest common factor of 66 and 99?
33
What is the greatest common divisor of 39 and 1443?
39
What is the highest common divisor of 65 and 4446?
13
Calculate the greatest common divisor of 220 and 20.
20
What is the highest common divisor of 22 and 4?
2
What is the greatest common factor of 75 and 525?
75
What is the highest common factor of 9 and 309?
3
Calculate the greatest common divisor of 225 and 6450.
75
What is the greatest common factor of 13 and 1417?
13
Calculate the highest common factor of 1925 and 154.
77
Calculate the highest common factor of 74409 and 51.
51
Calculate the highest common factor of 54 and 162.
54
What is the greatest common factor of 174 and 12?
6
What is the greatest common divisor of 876 and 336?
12
What is the greatest common factor of 4238 and 52?
26
Calculate the greatest common divisor of 1 and 943.
1
Calculate the highest common divisor of 7 and 21.
7
What is the greatest common factor of 46323 and 9?
9
What is the highest common factor of 665 and 399?
133
Calculate the highest common divisor of 6402 and 165.
33
What is the greatest common factor of 8207 and 283?
283
What is the highest common factor of 207 and 45?
9
What is the highest common factor of 306 and 72?
18
What is the greatest common factor of 56 and 574?
14
Calculate the greatest common factor of 331 and 143323.
331
What is the highest common factor of 271 and 11?
1
What is the highest common divisor of 3473 and 92?
23
Calculate the greatest common factor of 252 and 441.
63
What is the greatest common factor of 10576 and 16?
16
What is the highest common factor of 187 and 4930?
17
Calculate the highest common factor of 24 and 6.
6
Calculate the highest common divisor of 81 and 63.
9
What is the highest common divisor of 41 and 4961?
41
What is the greatest common divisor of 658 and 42?
14
What is the highest common factor of 207 and 3?
3
What is the greatest common divisor of 6138 and 264?
66
Calculate the highest common divisor of 10695 and 15.
15
What is the greatest common divisor of 196 and 21?
7
Calculate the greatest common factor of 190 and 38.
38
What is the greatest common factor of 852 and 12?
12
What is the highest common factor of 64 and 864?
32
What is the greatest common divisor of 125 and 110?
5
Calculate the highest common divisor of 19 and 4.
1
Calculate the highest common divisor of 102 and 3893.
17
What is the highest common factor of 688 and 48?
16
What is the greatest common divisor of 6688 and 2090?
418
Calculate the greatest common divisor of 814 and 518.
74
Calculate the greatest common factor of 41 and 3485.
41
Calculate the highest common factor of 72 and 9.
9
Calculate the greatest common divisor of 31702 and 524.
262
Calculate the greatest common factor of 40 and 24.
8
What is the greatest common divisor of 48 and 80?
16
What is the greatest common divisor of 72 and 1368?
72
What is the greatest common divisor of 640 and 144?
16
Calculate the greatest common factor of 44 and 242.
22
Calculate the greatest common divisor of 11096 and 1216.
152
Calculate the highest common factor of 71694 and 28.
14
What is the greatest common factor of 611 and 94?
47
What is the greatest common divisor of 14 and 18?
2
Calculate the highest common divisor of 2976 and 93.
93
Calculate the highest common divisor of 10 and 3560.
10
What is the greatest common divisor of 21 and 96?
3
What is the highest common divisor of 279 and 62?
31
What is the highest common factor of 38 and 7923?
19
Calculate the greatest common factor of 30 and 702.
6
Calculate the highest common divisor of 36 and 2748.
12
Calculate the greatest common divisor of 54 and 180.
18
Calculate the greatest common factor of 5918 and 66.
22
What is the greatest common factor of 1161 and 27?
27
What is the highest common factor of 130 and 270?
10
Calculate the greatest common divisor of 37343 and 698.
349
What is the greatest common divisor of 24 and 104?
8
What is the greatest common factor of 67 and 14405?
67
Calculate the greatest common divisor of 558 and 310.
62
What is the greatest common divisor of 20 and 1580?
20
Calculate the greatest common factor of 81 and 135.
27
What is the highest common divisor of 159 and 106?
53
Calculate the highest common divisor of 58 and 5974.
58
What is the highest common divisor of 20 and 530?
10
What is the greatest common factor of 56 and 364?
28
Calculate the highest common divisor of 24 and 348.
12
Calculate the highest common divisor of 24684 and 204.
204
Calculate the greatest common factor of 6325 and 46.
23
What is the highest common factor of 125 and 3625?
125
What is the greatest common factor of 15 and 156?
3
What is the highest common factor of 9 and 32?
1
What is the greatest common factor of 209 and 5434?
209
What is the highest common factor of 1 and 53?
1
Calculate the greatest common factor of 11 and 6941.
11
Calculate the highest common factor of 288 and 9696.
96
Calculate the highest common divisor of 44 and 1628.
44
Calculate the highest common divisor of 1521 and 247.
13
What is the highest common divisor of 22 and 8?
2
Calculate the highest common factor of 585 and 549.
9
What is the greatest common factor of 37 and 1?
1
What is the highest common factor of 5648 and 16?
16
What is the greatest common divisor of 418 and 2552?
22
What is the highest common factor of 11 and 3839?
11
What is the highest common divisor of 259 and 148?
37
Calculate the greatest common divisor of 76 and 2014.
38
Calculate the greatest common factor of 7424 and 64.
64
What is the greatest common divisor of 493 and 1421?
29
Calculate the greatest common divisor of 12 and 60924.
12
What is the highest common factor of 588 and 84?
84
What is the highest common divisor of 6800 and 544?
272
Calculate the highest common factor of 26 and 819.
13
Calculate the highest common divisor of 231 and 14586.
33
What is the greatest common divisor of 58 and 16327?
29
Calculate the highest common divisor of 236 and 7375.
59
Calculate the highest common divisor of 185 and 777.
37
Calculate the highest common factor of 14994 and 204.
102
What is the greatest common factor of 930 and 1110?
30
What is the highest common divisor of 1247 and 86?
43
What is the highest common divisor of 1659 and 12?
3
Calculate the highest common factor of 46 and 115.
23
Calculate the greatest common factor of 19572 and 56.
28
What is the greatest common factor of 1206 and 72?
18
Calcu